- (41 + -49)?
9
What is the value of 1 - 1 - -6 - (185 - 171)?
-8
1 - (5 - 3 - (28 - 34))
-7
What is the value of -20 + 1 - (7 - (25 + -13 - 1))?
-15
Calculate 0 + 5 - (-5 - (-3 - (1 - -6))).
0
Calculate (-3 + -1 - (111 - 117)) + -20.
-18
What is -296 - -296 - ((8 - 1) + 2)?
-9
What is -11 - (-24 - -13) - 11?
-11
Evaluate -659 - -679 - (-2 + 30).
-8
What is -9 - -19 - (10 - -7)?
-7
What is -23 - (-20 + -8) - (-1 + 12) - -11?
5
(-18 - -1) + (34 - 25)
-8
What is 4 + 5 + 2 + -4 + 12?
19
What is the value of -27 + 34 + (1 - 5) + (-3 - -2)?
2
Evaluate (-6 - 0) + 8 + (8 - (1 - -5)).
4
Evaluate 12 - -1 - (37 + (-15 - -3)).
-12
What is the value of 9 - (11 + -1 + -2) - -8?
9
What is 29 + -17 + 35 + -5 + -7?
35
What is (-1 - -1) + (3 - 10) - -23 - 8?
8
Evaluate (3 - 1) + -1 + (-2 + 5 - -2).
6
Evaluate (9 - -1 - 3) + 1 + (2 - -8).
18
Evaluate -6 + (-16 - -8) - 4 - -7 - 9.
-20
Calculate -49 + 97 + -51 - ((0 - -2) + 1).
-6
16 + (16 - 2) + 9 - 15
24
What is -14 - ((5 - 2) + -50 + 54)?
-21
8 + -2 + 0 + 37 + -54 + 23
12
Evaluate 3 + 19 - (12 - (26 - 16)).
20
Evaluate -5 + -4 - (-2 + 9 - (3 - -9)).
-4
Evaluate 47 - 14 - 11 - 16.
6
Evaluate 13 + -8 + -17 + 6 - (-20 + 4).
10
Calculate 229 + -268 - (-54 - -3).
12
What is -32 + 57 + -7 + 13?
31
What is -5 - -2 - (14 + (-18 - -2))?
-1
What is the value of 46 + -6 - (163 + -157)?
34
49 + (14 - 33) + -17
13
What is 3 + 0 - (17 + -17 + 7)?
-4
What is the value of (18 - 36) + 25 + 4?
11
Calculate -32 - (11 - (11 - -50)).
18
Calculate (6 - 14 - (-6 - 0)) + (-12 - -1).
-13
Evaluate 1 + (-5 - -7) + (-14 - 0).
-11
Evaluate (-63 - -49) + 2 + -1 + -2.
-15
(-55 + 25 - -15) + 30
15
6 + (-25 - -49) + -24
6
Evaluate 38 + (-31 - (-32 - -19)).
20
17 - -5 - (-24 - -15)
31
-194 + 183 - (0 + (-30 - 1))
20
Calculate (11 - (-13 + 8)) + 0 + -4 + -6.
6
What is the value of 5 - 0 - (-2 + (2 - -2) - 4)?
7
459 + -427 + 2 + -17
17
Evaluate -1009 + 1042 + (0 - 11).
22
Calculate 0 + -1 + (-6 - 19) + 14.
-12
Calculate -2 + 0 + -1 + (26 - 21).
2
Evaluate -8 + -3 + -1 + (4 - 6).
-14
Evaluate (-67 - -24 - (-2 - 4)) + 18.
-19
Evaluate (3 - -2) + 6 + 6 - 3.
14
What is the value of -4 + -5 + (1 - -1) + -6?
-13
Calculate -2 + 0 - (-55 + 25 - -27).
1
What is -10 - (-5 + (-2 - 7))?
4
-35 + (-39 + 10 - -36)
-28
(26 - 10) + 7 + (6 - 14) + 16
31
Calculate (-30 - -23) + (-3 + 5 - -1 - -6).
2
10 - ((1 - 1) + 6) - (-34 - -30)
8
Calculate -16 + (13 + (4 - 11) - (0 - -1)).
-11
What is the value of -34 + (25 - (15 + (8 - 13))) + -5?
-24
Evaluate -2293 + 2288 + (-2 - (2 + 5)).
-14
Calculate 5 + (-3 - (-7 + 11) - -2).
0
What is the value of -1700 - -1695 - ((-1 - -1) + -30)?
25
What is the value of 0 + -69 - (-491 - -457)?
-35
Calculate 9 + -9 + (-11 - -12).
1
What is (29 - (1 - 4) - (-22 - -29)) + 8?
33
What is (6 - 1) + -16 + 15 + (10 - 5)?
9
What is 31 - (4 - 2) - (0 - 60 - -55)?
34
Calculate -16 + -8 - (-20 + 28).
-32
What is the value of 0 + 8 + (92 - 107)?
-7
Calculate (24 + -17 + 10 - -3) + -3 + 10.
27
Evaluate -7 - (17 + 6 + 13 + -23).
-20
What is the value of -1 - (-22 - (-34 + 3))?
-10
What is 71 + -40 - (31 + -13)?
13
Calculate 13 + (-14 - -24) + (4 - 1) + -4.
22
What is the value of -6 - (-18 - (-4 - 10))?
-2
Calculate 12 + (14 - 6 - 8) + 1 + 4.
17
1 + (13 + (5 - (12 + 0)) - 4)
3
(-6 - 2) + 10 + (-1 - 4)
-3
What is the value of (3 - 9) + -2 + 198 + -220?
-30
Evaluate (-1 - -1 - -7) + -10 + 21.
18
What is 12 + -6 + -10 - -5 - 2?
-1
Calculate 886 + -866 + (1 - 29).
-8
Evaluate (17 - (6 - 3)) + -11 + 1.
4
-9 - (-3 - (-1 + 10))
3
What is the value of (3 - (2 - 4)) + 2 - 10?
-3
What is the value of -10 + (-5 - 1 - (160 - 176))?
0
-38 - ((-3 - -24) + -29) - -3
-27
What is 8 + -19 + 0 + -2 + -4 + 4?
-13
What is the value of (0 - (-8 - 4) - -4) + (27 - 27)?
16
What is 12 - (-1 + 1 + -7 - (-60 + 55))?
14
Calculate (35 - (-17 + 54)) + -1 + 29.
26
What is the value of -4 + 2 + (-32 - -30 - 28)?
-32
Evaluate -1 + 9 + -10 - -6 - (-2 - 3).
9
What is the value of (-35 + 55 - 36) + (15 - 2)?
-3
Calculate -3 - ((-6 - 0) + 4).
-1
What is 2 + 7 - (21 + -12) - (11 + -2)?
-9
Calculate 385 + -373 - (0 + -2 - -35).
-21
Evaluate -27 + (-22 + 23 - -16).
-10
What is -3 + 12 - (-16 - -33) - -13?
5
What is -20 - (-14 + 12) - -17?
-1
Evaluate -1 - (-4 - -3) - (-15 + 39 + -14).
-10
Evaluate 8 + (-13 + 2 - (-26 - -5)) + -4.
14
Evaluate 26 + -17 + 12 + -15.
6
Evaluate 8 + (35 - 25) + -2 + 11 + -10.
17
Calculate -1 - -8 - (-542 + 562).
-13
Evaluate -6 - 1 - (7 + -16 - -7).
-5
Calculate -2 - (4 - 6) - (-99 + 98).
1
-2 + 5 + 1 + 3 + 1
8
Calculate 1 - (9 - (1 - 0)) - 2.
-9
Evaluate 9 + 4 + -13 + -4.
-4
What is 3 - (14 + -20 + (1 - -4))?
4
What is 0 + 0 + -14 + 0 - (794 - 801)?
-7
Calculate 20 - (29 - (-21 + 26)).
-4
What is (-25 - -4) + 5 - -10 - -6?
0
Calculate -8 + 40 + -59 - (0 + 3 - 3).
-27
What is -19 - (-4 - 2 - (1 + (2 - 8)))?
-18
What is the value of (11 - 2 - 11) + -1 + -1 - -4?
0
What is 0 + 24 - (-65 + -51 + 112)?
28
Calculate 6 + -11 + (-8 + 27 - 0) + -1.
13
What is -15 + -3 - (-67 + 55)?
-6
Calculate (18 - 0) + (-18 - 8).
-8
Calculate 22 + (14 - 28) - (11 - 1).
-2
Calculate 0 + (-89 - -94 - (-1 + (0 - -2))).
4
What is (0 - (-2 + -10)) + -15?
-3
Calculate -6 + 14 + -2 - 9.
-3
Evaluate -1 + -8 + (15 - 15).
-9
0 - (47 + -15 - 23)
-9
Evaluate (-18 - 0) + (-382 - -378).
-22
Evaluate 40 - 12 - (-12 + 4).
36
Evaluate (2 + 4 - (0 + 10)) + -1 + 13.
8
What is the value of -4 + (-5 - (-6 - -4) - 2)?
-9
-25 - (-2 + -19 + 2)
-6
Calculate (-50 - -41) + (12 - 3).
0
Evaluate (-2 - (-1 + -5)) + (-21 - -15) - -14.
12
Calculate 35 - (29 + -9) - 12.
3
Calculate -1 - (4 + (-7 - 7)).
9
Evaluate 13 - (-10 + 18) - 18.
-13
-5 - 2 - (-21 + -20 + 52)
-18
2 + 1 + (-22 - (-4 + -12)) + 1
-2
Calculate -11 - -8 - (0 + -4 - -14).
-13
Evaluate -20 + 0 - (23 + -16).
-27
What is (6 - 5) + 7 - (28 + 4 + -17)?
-7
What is the value of (-11 - 4) + 19 + -1 + -5?
-2
Evaluate 7 - (0 - ((2 - -1) + -27 + 1)).
-16
What is 9 + 4 + -6 - (-3 + 5) - 21?
-16
-7 + 1 + -1 - (1 + -7)
-1
What is the value of 10 - ((-519 - -508) + (-1 - (-6 + 1)))?
17
What is the value of -12 - (-49 - (-45 + 50 - (7 - -1)))?
34
What is the value of -6 + (8 - (-12 + 7)) + -6?
1
-13 + (-18 + 5 - -35)
9
Calculate -7 + 2 + 10 + -19.
-14
(9 - 12 - 3) + 10
4
-3 - (-3 + 1) - -8 - (-15 - -14)
8
11 + (8 + -8 - (5 + -1 + 0))
7
What is the value of -46 + 30 + 4 + 8?
-4
What is the value of 6 + 3 + -22 + 19 + -25?
-19
What is -8 + -36 + 11 + 48?
15
What is the value of 0 - 17 - (151 + -162)?
-6
What is -3 + (4 + -5 - (-5 - 0)) - -7?
8
Calculate -14 - ((9 - (1 - 0)) + -16).
-6
Calculate (-24 - -27) + 3 + 0.
6
What is -15 - (-38 + -9 + 25)?
7
Evaluate (-13 - -1) + 2 - 2.
-12
-33 - (-46 + -2 - -18)
-3
Calculate 2 + 11 + -29 + (-2 - -3) + 5.
-10
What is -1 + -6 + 17 + -26?
-16
Evaluate (31 - 28) + -7 - (0 - 12).
8
What is 6 - (11 - 3) - (1 + -13) - -8?
18
What is the value of (-4 - (2 + (-4 - -4))) + -8 + 0?
-14
What is (-10 - (1 - 0)) + -718 + 721?
-8
15 + -1 - (-3 + 32 + -22) - 7
0
What is the value of 7 - ((-3 - (9 - 28)) + 5)?
-14
What is 0 - 0 - 1 - (-332 - -348)?
-17
What is the value of 28 + (-39 - -32 - 11)?
10
What is the value of -30 + 7 + 7 + 3 + 7?
-6
Evaluate -1 - (8 + (-4 - 14 - -1)).
8
What is 4 + (-3 - (-5 - -1) - (44 + -12))?
-27
What is -23 - -38 - ((4 - (-2 + 4)) + -10)?
23
What is (3 - -3) + (-9 - -6) + (14 - 10)?
7
What is (-3 - -1 - 1) + -126 + 143?
14
-21 - (32 - 62 - -22)
-13
-2 + -4 + 2 + 37 + -48
-15
Evaluate -3 + -22 + 212 + -167.
20
What is (17 - 29 - -3 - -10) + -16?
-15
2 + (3 - 0) - (-33 - -38)
0
What is the value of -5 - 0 - (-21 + 41 - 20)?
-5
Evaluate -33 - (-29 + -27 + 30).
-7
What is (-4 - -15 - -11) + -35?
-13
15 + (7 - (-4 - -7)) + -1 + -6
12
-10 + 7 + 0 + (11 - 2)
6
Evaluate 33 + (25 - 14 - 61).
-17
Calculate -8 - -13 - -4 - -19 - (-7 - -13).
22
What is 2 + (16 - 23 - 12)?
-17
What is the value of (-6 - -1) + (10 - (1 - 6))?
10
What is the value of 19 - (15 - (-22 + 32))?
14
What is 20 + (6 - (-12 - 3 - -25))?
16
What is the value of -59 - -37 - (4 - 15 - -1)?
-12
What is the value of -6 + 1 - (29 - 40)?
6
What is -1 + (4 + 1 + -2 - (783 + -797))?
16
What is 8 + (-18 - (0 + 10 + -9))?
-11
Calculate -9 + (-8 - 0) + (7 + 70 - 30).
30
What is the value of 25 + -8 + (-13 - -25) + -15?
14
Calculate -1 + 6 + (-3 - -2) - (-2